 highest common divisor of 2366244 and 156.
12
Calculate the greatest common divisor of 16588 and 3746314.
286
Calculate the highest common factor of 363793 and 7234573.
779
Calculate the highest common factor of 17056 and 1960426.
26
Calculate the highest common factor of 71075823 and 1014.
507
Calculate the highest common factor of 357 and 22955933.
119
What is the highest common divisor of 13182 and 7346430?
1014
What is the greatest common divisor of 3974679 and 63?
9
What is the highest common divisor of 81813 and 102?
3
Calculate the highest common factor of 8140 and 323660.
20
Calculate the highest common factor of 276686222 and 19499.
1147
What is the highest common factor of 18607 and 2300?
23
Calculate the highest common factor of 765701 and 4171.
43
Calculate the highest common divisor of 288 and 7428384.
288
Calculate the greatest common divisor of 4014 and 23226342.
1338
Calculate the greatest common factor of 66312261 and 1026.
171
Calculate the highest common factor of 2656650 and 35778.
534
Calculate the highest common divisor of 13448683 and 51.
17
Calculate the greatest common factor of 10038371 and 556318.
3521
What is the greatest common divisor of 50 and 49257575?
25
Calculate the highest common divisor of 2932 and 2210678156.
2932
Calculate the highest common divisor of 150347901 and 33.
33
Calculate the greatest common divisor of 198 and 93470553.
99
What is the greatest common divisor of 2953445 and 1375?
55
What is the greatest common divisor of 49813760 and 1280?
1280
Calculate the highest common divisor of 5266633 and 9192.
383
Calculate the highest common divisor of 470 and 58336870.
470
Calculate the highest common factor of 355 and 108991106.
71
Calculate the highest common factor of 1429604725 and 25.
25
What is the greatest common divisor of 950 and 1630475?
25
Calculate the greatest common divisor of 1560 and 9263670.
390
Calculate the greatest common factor of 1768 and 141700780.
884
What is the highest common divisor of 318 and 265665945?
159
What is the highest common divisor of 1622635 and 2331?
259
What is the greatest common factor of 2001 and 48483563?
667
Calculate the greatest common divisor of 82240 and 77120.
320
Calculate the highest common factor of 159 and 169763028.
159
What is the highest common divisor of 2258 and 12940?
2
What is the greatest common factor of 6975 and 6354675?
225
Calculate the greatest common divisor of 173253293 and 1709.
1709
What is the greatest common divisor of 1105246209 and 115?
23
What is the highest common factor of 488 and 8347912?
8
Calculate the highest common factor of 1760 and 441.
1
What is the highest common divisor of 2808 and 221471874?
702
What is the greatest common divisor of 30047373 and 9?
9
What is the greatest common factor of 715443889 and 1057?
151
Calculate the greatest common factor of 7766110 and 1496.
374
Calculate the greatest common factor of 1769878 and 66.
22
Calculate the highest common divisor of 660212 and 122348.
292
What is the highest common divisor of 4411602 and 30?
6
Calculate the greatest common divisor of 1196425412 and 728.
364
Calculate the highest common divisor of 126697 and 124620.
2077
Calculate the highest common divisor of 1942 and 51687301.
971
What is the greatest common divisor of 19761 and 61860399?
2823
What is the greatest common factor of 3545257 and 94?
47
What is the highest common divisor of 1179 and 10256907?
393
What is the greatest common divisor of 523970 and 38656?
302
Calculate the greatest common factor of 28185517 and 447705.
9949
Calculate the highest common factor of 102361677 and 638.
319
What is the greatest common divisor of 4635 and 431425?
5
What is the highest common divisor of 11495 and 57350854?
2299
What is the greatest common divisor of 83888331 and 7674?
3837
Calculate the greatest common factor of 326792 and 3288.
8
What is the highest common factor of 192 and 4919784?
24
What is the greatest common factor of 22099 and 2125522?
2009
Calculate the highest common factor of 249612 and 33389387.
1891
Calculate the highest common factor of 1196 and 12693382.
26
Calculate the highest common divisor of 10 and 7399510.
10
What is the highest common factor of 14096369 and 7203?
49
Calculate the highest common factor of 3681870 and 896954.
2294
Calculate the highest common factor of 2409 and 26007783.
219
What is the highest common divisor of 869872864 and 986?
986
What is the greatest common divisor of 47525508 and 18?
18
Calculate the highest common factor of 35 and 1984493.
7
Calculate the greatest common factor of 691 and 51315733.
691
Calculate the greatest common divisor of 921471 and 1776759.
5091
Calculate the greatest common divisor of 288 and 49417416.
72
Calculate the highest common factor of 7327380 and 68385.
1455
Calculate the greatest common divisor of 173092 and 49228.
1588
What is the greatest common factor of 133456 and 560?
16
Calculate the greatest common factor of 1020 and 87728460.
60
Calculate the greatest common factor of 102 and 215763014.
34
What is the highest common factor of 44277019 and 3628?
907
Calculate the greatest common divisor of 353466225 and 225.
225
Calculate the highest common factor of 5415 and 18923620.
1805
What is the greatest common divisor of 256870926 and 6318?
6318
What is the highest common factor of 469735 and 6265?
35
Calculate the greatest common factor of 46 and 50476766.
46
What is the highest common divisor of 9453 and 1370373051?
9453
Calculate the greatest common factor of 7091622 and 6390.
1278
Calculate the greatest common factor of 1481792 and 3211.
169
Calculate the greatest common divisor of 1802263 and 143581.
2143
Calculate the highest common factor of 560 and 34659460.
20
What is the greatest common divisor of 10768 and 275472?
16
Calculate the greatest common divisor of 180314 and 22606.
178
Calculate the highest common divisor of 3315 and 22447191.
663
Calculate the highest common divisor of 4647931 and 151.
151
Calculate the greatest common divisor of 42770013 and 33.
33
What is the greatest common divisor of 1326 and 1655238?
78
What is the greatest common divisor of 27 and 35943840?
9
Calculate the greatest common factor of 69454 and 152064.
22
What is the highest common divisor of 15 and 25580150?
5
What is the highest common factor of 393 and 1387424406?
393
Calculate the greatest common divisor of 34263 and 8.
1
Calculate the highest common factor of 513243 and 162.
27
Calculate the greatest common divisor of 163830 and 10750.
430
Calculate the greatest common divisor of 841 and 2024519.
29
Calculate the greatest common factor of 8 and 53420680.
8
What is the highest common factor of 3625343 and 328?
41
Calculate the greatest common factor of 1302 and 26542257.
21
What is the highest common divisor of 18830 and 1179010?
70
Calculate the greatest common factor of 46731 and 365967.
111
What is the highest common divisor of 8588 and 1479796?
76
Calculate the greatest common divisor of 1292573332 and 146.
146
Calculate the highest common factor of 29430445 and 1100.
55
What is the highest common divisor of 24322265 and 63826?
4559
What is the greatest common factor of 20 and 373108910?
10
Calculate the greatest common divisor of 405 and 3095424.
9
Calculate the greatest common divisor of 20311 and 22895.
19
What is the greatest common divisor of 410929 and 65?
1
What is the highest common factor of 274658 and 178312?
1438
What is the greatest common divisor of 47926 and 2387?
31
What is the greatest common factor of 4089540 and 5457?
321
What is the greatest common divisor of 152 and 3380024?
152
Calculate the highest common divisor of 57421 and 147023.
631
Calculate the greatest common divisor of 201806 and 34.
2
Calculate the highest common divisor of 350 and 6835450.
50
What is the highest common factor of 765 and 4130082?
153
What is the highest common divisor of 1117295 and 10384963?
11761
Calculate the highest common factor of 163553529 and 23.
23
Calculate the greatest common divisor of 6754 and 25620378.
614
What is the greatest common divisor of 438672871 and 637?
91
Calculate the greatest common divisor of 590 and 102782425.
295
What is the highest common factor of 18011 and 7407729?
217
What is the highest common fac